dc?
-12c90
In base 5, what is 400214 + -321?
344343
In base 7, what is 201543 - 612?
200631
In base 12, what is 68 - -276aa?
27756
In base 2, what is -1001100001001110001 - -100?
-1001100001001101101
In base 3, what is -12010122002000 - -10?
-12010122001220
In base 16, what is 1 - 2e3e54?
-2e3e53
In base 14, what is -3 + d001b?
d0018
In base 8, what is 137 - -555646?
556005
In base 3, what is -21110 - 100201201?
-101000011
In base 4, what is 0 + -202123310?
-202123310
In base 10, what is -30 - -58158?
58128
In base 3, what is -11 + 1101021022011100?
1101021022011012
In base 3, what is 0 - -212121001?
212121001
In base 12, what is 8 - 8480b1?
-8480a5
In base 3, what is 110011 - -101020210020121?
101020210200202
In base 9, what is -15507 + -31308?
-46816
In base 11, what is -733727 - 1?
-733728
In base 14, what is -536c4 + -46?
-5372a
In base 8, what is 5337217 - 6?
5337211
In base 15, what is -203da0c + -3?
-203da10
In base 14, what is -3 + -1347567?
-134756a
In base 6, what is -142122421041 - -1?
-142122421040
In base 11, what is 2 + -1a9289?
-1a9287
In base 11, what is -168 - -41842?
41685
In base 14, what is 31 - 938733?
-938702
In base 15, what is -1 + 3edeb57?
3edeb56
In base 6, what is -10 + 3003043432?
3003043422
In base 4, what is -102312121312 - 3?
-102312121321
In base 13, what is c10c234 - -4?
c10c238
In base 6, what is -2044520351 - -2?
-2044520345
In base 6, what is -52442011 - 4?
-52442015
In base 7, what is -1106311536 + 42?
-1106311464
In base 8, what is -11456700 + -13?
-11456713
In base 8, what is -335476 - 5112?
-342610
In base 4, what is 321321 + -1021201?
-33220
In base 16, what is 20a5fc + 8?
20a604
In base 16, what is 662ff35 - -2?
662ff37
In base 3, what is -1 - -100100111001102?
100100111001101
In base 2, what is 1001011 - -1010111011111101101101?
1010111011111110111000
In base 9, what is 25404 - -1337?
26742
In base 4, what is -11111330000 - -31?
-11111323303
In base 13, what is -1647 - -46?
-1601
In base 14, what is -4162 + 1497?
-2aa9
In base 8, what is -2020 + -2356?
-4376
In base 5, what is -104440 + 10421214?
10311224
In base 14, what is 268c4603 - -1?
268c4604
In base 11, what is -448 + -53a4a?
-54397
In base 3, what is 101120100210 - 220?
101120022220
In base 14, what is -cb03a6 + -3?
-cb03a9
In base 3, what is -20101022002 - -122010120?
-12202011112
In base 13, what is 55862 + 46?
558a8
In base 9, what is 648 - -868164?
868823
In base 3, what is -2100 - 101122011121211?
-101122011201011
In base 14, what is -7 + 47632c?
476325
In base 13, what is -1b83b9 + 9b?
-1b831b
In base 7, what is -14 + -431032300?
-431032314
In base 14, what is -46c693 - 6?
-46c699
In base 5, what is 3 + 143222144014?
143222144022
In base 3, what is -120120121010012 - -11?
-120120121010001
In base 4, what is -1113000222 - -11?
-1113000211
In base 4, what is 1021300 + 2032223?
3120123
In base 16, what is -11 - -30d2c?
30d1b
In base 7, what is -25152 + 143113?
114631
In base 14, what is -66181db - -2?
-66181d9
In base 16, what is 1 + -898a93?
-898a92
In base 4, what is -231213003 - -31220?
-231121123
In base 8, what is 35 - 30740101?
-30740044
In base 3, what is 2100020212002102 + -1?
2100020212002101
In base 13, what is 0 - 59356a?
-59356a
In base 6, what is -22335410 + 130?
-22335240
In base 15, what is -1782 + a7b?
-c06
In base 9, what is -28528281 - 8?
-28528300
In base 2, what is 1 - -101010100100111010011010?
101010100100111010011011
In base 3, what is 211002001000222 + -11?
211002001000211
In base 16, what is -3ad7 + 34b1?
-626
In base 16, what is 19 + -1a4ec1?
-1a4ea8
In base 13, what is 75 - -12145?
121ba
In base 12, what is -12626 + -305?
-1292b
In base 2, what is -1010000111111110000100111 - 11?
-1010000111111110000101010
In base 6, what is 1 - 15144125353?
-15144125352
In base 15, what is 14a238 - -17?
14a250
In base 10, what is -229 + 559050?
558821
In base 8, what is -606 + -152325?
-153133
In base 6, what is 1252343 - 43?
1252300
In base 8, what is -755665660 - -7?
-755665651
In base 16, what is -d3 - -70c5?
6ff2
In base 12, what is -1 - 1537ab6?
-1537ab7
In base 13, what is 0 + -815b266?
-815b266
In base 14, what is -414753 - 18?
-41476b
In base 4, what is 1 - -120320030131?
120320030132
In base 16, what is 2 - 262a00?
-2629fe
In base 10, what is 1624 + 1903?
3527
In base 10, what is 30 - -809862?
809892
In base 2, what is -100101011100011110000 + 100000?
-100101011100011010000
In base 10, what is -1130 - -11221?
10091
In base 12, what is -78 + 652a?
6472
In base 7, what is -32164053 - 265?
-32164351
In base 10, what is 22965 + 8176?
31141
In base 3, what is -2221201011 + -11?
-2221201022
In base 6, what is 243120 - -30445?
314005
In base 12, what is -4 - 42bba3b?
-42bba43
In base 6, what is 0 - 112005324?
-112005324
In base 10, what is 231 + -12008?
-11777
In base 14, what is -9 - 9a66c?
-9a677
In base 6, what is -10240412 - -3202?
-10233210
In base 10, what is -852 - 41162?
-42014
In base 11, what is -179 + 28276?
280a8
In base 9, what is -60 + -51726?
-51786
In base 6, what is 1112121211 - 3?
1112121204
In base 7, what is -1 - 1552554662?
-1552554663
In base 11, what is 37887770 - -9?
37887779
In base 10, what is 112 + 136590?
136702
In base 10, what is -16416861 + 3?
-16416858
In base 15, what is 4989aa + -33?
498977
In base 7, what is -2001326 - 521?
-2002150
In base 13, what is 5 + 118530?
118535
In base 10, what is -216161942 + 1?
-216161941
In base 5, what is 10032012200423 - -4?
10032012200432
In base 15, what is 9d4d - 53?
9cea
In base 13, what is -114a1058 + 3?
-114a1055
In base 6, what is -4 + -55550511?
-55550515
In base 15, what is 4 - cb73ab?
-cb73a7
In base 6, what is -22415 + -1425?
-24244
In base 5, what is -2034 - -11221144?
11214110
In base 3, what is 22121000002222 + 2000?
22121000011222
In base 5, what is -443 + -200133430?
-200134423
In base 3, what is -1122201100220012 - -1?
-1122201100220011
In base 10, what is -1 + -4753043?
-4753044
In base 6, what is -1441050242 - -3?
-1441050235
In base 4, what is -131312312 - 120201?
-132033113
In base 13, what is -7790 - -3936?
-3b57
In base 5, what is -14201 + -1424213?
-1443414
In base 15, what is 236879 + 5?
23687e
In base 5, what is 0 + 1323404000?
1323404000
In base 14, what is 1 - -3d0232?
3d0233
In base 8, what is -32 + 424457?
424425
In base 2, what is -10110110000000110 - 1010101?
-10110110001011011
In base 4, what is 10 + -23323000122?
-23323000112
In base 3, what is -102 - -1121220001011210?
1121220001011101
In base 16, what is 2c6e23 - -68?
2c6e8b
In base 14, what is 7a7a + 716?
8392
In base 7, what is -1322446 + -4524?
-1330303
In base 4, what is -31113203 - 212332?
-31332201
In base 14, what is -887b59 + -19?
-887b74
In base 7, what is 110524 + 15053?
125610
In base 2, what is 10011100001110 + -1100?
10011100000010
In base 12, what is 6419b77 - -5?
6419b80
In base 9, what is 4235846 + -8?
4235837
In base 10, what is 17 - 870074?
-870057
In base 10, what is 736 - 11242?
-10506
In base 8, what is -33606023 + 5?
-33606016
In base 12, what is -1a1 + -17858?
-17a39
In base 8, what is 1770236207 + 4?
1770236213
In base 11, what is 618 + -659893?
-659276
In base 9, what is 6 + 478178?
478185
In base 10, what is -3233471 - -1?
-3233470
In base 2, what is 10000101100010110 - 110000010?
10000100110010100
In base 14, what is -da31 + 52?
-d9bd
In base 11, what is 28a + -1a541?
-1a262
In base 11, what is 61a3832 - 2?
61a3830
In base 13, what is 2b4c4cb4 + b?
2b4c4cc2
In base 8, what is 1332110 - 7?
1332101
In base 16, what is -561 + d27?
7c6
In base 15, what is -4 - -5c67b9?
5c67b5
In base 4, what is 200223 - -20032222?
20233111
In base 7, what is 11162 - -13560?
25052
In base 16, what is 51e1 - 210?
4fd1
In base 6, what is 2424352140 + -15?
2424352121
In base 9, what is 2 - 25813001?
-25812888
In base 7, what is 26340530 + 5?
26340535
In base 13, what is 395 + 3042c?
307c4
In base 12, what is -231b12 - -27?
-231aa7
In base 16, what is -d5150 + -58?
-d51a8
In base 9, what is 1283376 - -1046?
1284433
In base 2, what is -1010111 + 10100001100101011110?
10100001100100000111
In base 14, what is -37b0 - -290?
-3520
In base 4, what is 1010121 - 1131?
1002330
In base 6, what is 0 + 313315054?
313315054
In base 3, what is -1011012102 - -120112120?
-120122212
In b